ultiple of 1447?
False
Is 262457860 a multiple of 35?
True
Does 382 divide 915202899?
False
Does 2139 divide 851728095?
False
Does 121 divide 55755043?
False
Is 3574 a factor of 213032383?
False
Is 15 a factor of 9219240?
True
Is 225 a factor of 1054825?
False
Is 200804680 a multiple of 5?
True
Is 275 a factor of 38241500?
True
Is 1572 a factor of 31976052?
True
Is 3820770 a multiple of 48?
False
Is 9 a factor of 3766239693?
True
Is 20 a factor of 30777800?
True
Is 1036750312 a multiple of 52?
True
Does 13 divide 1810529?
False
Is 36780266 a multiple of 2231?
True
Is 6 a factor of 747129852?
True
Does 23 divide 847916160?
True
Is 556279185 a multiple of 21?
True
Does 276 divide 251160?
True
Does 416 divide 105077024?
True
Does 4937 divide 991700127?
True
Is 195 a factor of 38189384?
False
Is 477732130 a multiple of 364?
False
Is 77199891 a multiple of 2973?
True
Does 1934 divide 85575632?
True
Is 6994 a factor of 3745691718?
False
Does 203 divide 2412747974?
True
Does 19 divide 43765380?
False
Is 364 a factor of 895528894?
False
Is 105779304 a multiple of 3672?
True
Is 4837 a factor of 758967008?
False
Is 42 a factor of 100307508?
True
Does 11 divide 1195924314?
False
Does 121 divide 470571178?
True
Is 403321 a multiple of 3?
False
Is 65 a factor of 6113315?
True
Is 985 a factor of 354190868?
False
Does 14 divide 24052480?
False
Is 305772939 a multiple of 89?
True
Is 16 a factor of 2898672?
True
Does 31 divide 742075282?
False
Is 1848720160 a multiple of 160?
True
Is 577923424 a multiple of 17?
False
Is 235525824 a multiple of 576?
True
Is 2 a factor of 5584134?
True
Does 12 divide 1364842576?
False
Is 54124923 a multiple of 392?
False
Does 73 divide 14396038?
True
Is 352 a factor of 80213626?
False
Is 793 a factor of 174270878?
False
Is 6234886 a multiple of 469?
True
Is 14 a factor of 133922822?
False
Is 2554885 a multiple of 3?
False
Does 892 divide 990214574?
False
Is 53 a factor of 2442031392?
True
Is 5703499239 a multiple of 2467?
True
Does 1804 divide 735238934?
False
Does 4 divide 15503715?
False
Is 2316921 a multiple of 3821?
False
Does 20 divide 440228439?
False
Is 746167752 a multiple of 1332?
True
Is 206 a factor of 6317402?
True
Does 6 divide 2265145?
False
Is 21204713 a multiple of 899?
True
Is 850759 a multiple of 91?
True
Is 65 a factor of 67821764?
False
Is 54496471 a multiple of 86?
False
Does 2323 divide 913744342?
False
Is 61926923 a multiple of 22?
False
Does 3058 divide 56458823?
False
Does 96 divide 4712524032?
True
Is 335130159 a multiple of 6229?
False
Is 49899556 a multiple of 451?
False
Is 53 a factor of 7502213?
False
Is 14 a factor of 2054024?
True
Is 5287154 a multiple of 158?
True
Does 2026 divide 129011628?
True
Is 635258052 a multiple of 1188?
True
Is 251 a factor of 89871719?
False
Does 1105 divide 997921080?
True
Is 14 a factor of 195646884?
False
Is 8 a factor of 3874056?
True
Is 645760836 a multiple of 1284?
True
Is 4900617 a multiple of 1452?
False
Does 1390 divide 95519410?
True
Is 34441218 a multiple of 11?
False
Is 4416 a factor of 22097739?
False
Is 15138135 a multiple of 14?
False
Is 128920572 a multiple of 66?
True
Does 36 divide 2458871117?
False
Does 263 divide 1151524954?
False
Is 450 a factor of 20166738?
False
Does 48 divide 1496376528?
True
Is 252110835 a multiple of 25?
False
Does 2664 divide 41142816?
True
Does 229 divide 728048250?
True
Does 8 divide 36546616?
True
Does 1506 divide 2819232?
True
Is 13 a factor of 591692894?
True
Is 16 a factor of 103615296?
True
Is 2363678793 a multiple of 5592?
False
Is 1169595022 a multiple of 783?
False
Is 110 a factor of 5565780?
True
Is 129385125 a multiple of 705?
True
Is 89534129 a multiple of 3?
False
Is 49278618 a multiple of 74?
False
Is 125678747 a multiple of 36?
False
Is 766351490 a multiple of 8723?
False
Is 83 a factor of 10376176?
False
Does 1372 divide 421697425?
False
Is 16 a factor of 12623168?
True
Is 2078 a factor of 521396459?
False
Is 628620372 a multiple of 54?
True
Is 2 a factor of 1571732?
True
Is 45826080 a multiple of 12?
True
Does 404 divide 358765802?
False
Does 43 divide 85981170?
False
Is 39739680 a multiple of 96?
True
Does 24 divide 2109216?
True
Is 5418 a factor of 537677468?
False
Does 22 divide 578712584?
False
Does 100 divide 88964545?
False
Does 1366 divide 198183378?
True
Does 35 divide 17104500?
True
Is 25 a factor of 75596125?
True
Is 16496512 a multiple of 156?
False
Is 53 a factor of 348846?
True
Is 17 a factor of 80457226?
True
Is 42400561 a multiple of 7?
True
Is 1122 a factor of 477693744?
True
Does 80 divide 41067072?
False
Does 19 divide 8732587314?
False
Is 682 a factor of 23667446?
True
Is 8 a factor of 63200400?
True
Does 1509 divide 44084519?
False
Is 88106456 a multiple of 857?
True
Is 31 a factor of 5513039?
False
Is 18 a factor of 533357856?
True
Is 17 a factor of 700048?
False
Does 8 divide 69612270?
False
Is 65845560 a multiple of 166?
True
Is 25 a factor of 3807921900?
True
Is 2070149860 a multiple of 410?
True
Is 120 a factor of 123615491?
False
Does 2610 divide 1110507171?
False
Is 11630994 a multiple of 6?
True
Is 546 a factor of 2999178?
True
Is 661614233 a multiple of 7970?
False
Is 178 a factor of 33732958?
True
Is 28 a factor of 325617223?
False
Is 395600814 a multiple of 614?
True
Is 186 a factor of 5447839?
False
Is 846 a factor of 20252015?
False
Is 15 a factor of 1084795605?
True
Is 188853 a multiple of 51?
True
Is 3 a factor of 365349?
True
Is 30176790 a multiple of 216?
False
Is 363805705 a multiple of 14071?
True
Does 116 divide 11659046?
False
Does 270 divide 8521740?
True
Is 3817 a factor of 2274947268?
True
Is 151149725 a multiple of 13?
False
Is 2 a factor of 2938994?
True
Is 5 a factor of 6407510?
True
Is 30372710 a multiple of 556?
False
Is 4 a factor of 223922?
False
Is 822 a factor of 835855215?
False
Is 2909598237 a multiple of 2317?
True
Does 171 divide 41299398?
False
Does 23 divide 818813892?
True
Is 234 a factor of 12977172?
True
Is 11 a factor of 16545955?
False
Is 110706197 a multiple of 679?
True
Is 84773913 a multiple of 694?
False
Is 1097554095 a multiple of 11495?
True
Is 173599359 a multiple of 60?
False
Is 13 a factor of 16067937?
False
Is 324112928 a multiple of 1808?
True
Does 5 divide 3721465?
True
Does 3133 divide 208135700?
False
Is 324973322 a multiple of 13?
False
Does 192 divide 48030805?
False
Is 32 a factor of 1343126656?
True
Is 162492121 a multiple of 11?
True
Is 235683607 a multiple of 8?
False
Does 9 divide 15767842?
False
Does 143 divide 70587620?
False
Is 169509672 a multiple of 3?
True
Does 58 divide 3219257632?
False
Is 2999 a factor of 102795800?
False
Is 57856311 a multiple of 57?
True
Does 25 divide 3859762977?
False
Is 1467 a factor of 31144187?
False
Is 538 a factor of 215180094?
True
Is 20 a factor of 124029960?
True
Does 327 divide 276647559?
True
Does 97 divide 27515699?
True
Is 35 a factor of 56483035?
True
Is 117 a factor of 91120653?
True
Is 469 a factor of 53458496?
True
Is 227 a factor of 26214344?
False
Is 1972 a factor of 148265800?
False
Is 9 a factor of 386743437?
True
Is 7 a factor of 68259100?
True
Is 779393992 a multiple of 234?
False
Does 720 divide 28274267?
False
Is 6747 a factor of 137387598?
False
Is 11035183 a multiple of 3?
False
Is 18 a factor of 14682024?
True
Is 2623 a factor of 42994627?
False
Is 395 a factor of 356398230?
True
Is 658 a factor of 444359439?
False
Is 1840481 a multiple of 291?
False
Is 9167897 a multiple of 7?
False
Does 22 divide 8506102?
True
Is 12 a factor of 10645065?
False
Does 81 divide 3370815?
True
Is 1263711351 a multiple of 24?
False
Is 23888024 a multiple of 1544?
False
Is 370515342 a multiple of 834?
True
Does 24 divide 1929836496?
True
Is 551 a factor of 38637773?
True
Is 1025 a factor of 87777925?
True
Is 806 a factor of 21735024?
False
Is 1354 a factor of 178852568?
True
Does 82 divide 2720110068?
True
Is 2787919290 a multiple of 130?
True
Is 8 a factor of 4586902?
False
Is 1942 a factor of 206052026?
True
Does 5 divide 630892209?
False
Is 10 a factor of 2483950?
True
Does 95 divide 201551474?
False
Is 21 a factor of 4475966?
False
Is 14 a factor of 258099988?
False
Is 59 a factor of 1652202325?
False
Is 3402 a factor of 223140582?
True
Does 16 divide 56001872?
True
Is 2806495747 a 